
-103110103020
Convert -b54344 (base 12) to base 7.
-33131605
-6721746 (base 8) to base 15
-25bac0
21303311 (base 4) to base 8
116365
12201420 (base 5) to base 8
342224
Convert -38056 (base 11) to base 14.
-15ca4
Convert -54366262 (base 7) to base 16.
-4708ea
What is 525082 (base 10) in base 8?
2001432
What is 103761 (base 9) in base 14?
18786
Convert 12403040 (base 7) to base 10.
1127126
-1753333 (base 12) to base 2
-10010011100111100010111
Convert 6611b (base 13) to base 2.
101101000110100101
-24003f (base 16) to base 14
-455b79
-12011221021 (base 3) to base 5
-11231023
What is -5246770 (base 9) in base 6?
-140053143
-4778320 (base 10) to base 11
-2774028
-111038 (base 10) to base 2
-11011000110111110
Convert 133103 (base 5) to base 8.
12433
45712762 (base 8) to base 3
200200201022212
1203541252 (base 6) to base 14
1b48048
What is -5343442 (base 7) in base 15?
-cc6ba
Convert 17283551 (base 9) to base 6.
505543544
-24073 (base 10) to base 9
-36017
-220218 (base 9) to base 8
-400507
Convert -156266 (base 8) to base 15.
-11b1c
-4104140 (base 6) to base 15
-3cd19
1124192 (base 11) to base 15
28ce2a
What is -51021035 (base 6) in base 16?
-161ccf
What is 114536112 (base 7) in base 4?
123102022212
-183676 (base 10) to base 3
-100022221211
What is -237a761 (base 11) in base 5?
-2030033421
140401112 (base 5) to base 7
6040554
What is 42ae9 (base 16) in base 9?
455586
What is -1110001010100100101100 (base 2) in base 3?
-20222122201112
What is -202112253 (base 6) in base 2?
-1101001101010000001001
Convert 270873 (base 11) to base 8.
1477245
What is -2650360 (base 8) in base 4?
-2311003300
-323013212221 (base 4) to base 12
-5234661
20230122301 (base 4) to base 3
11021210022201
-100b7 (base 12) to base 8
-50613
Convert -10220102022102 (base 3) to base 12.
-840955
Convert -100001000111110100001 (base 2) to base 4.
-10020332201
Convert -85258 (base 11) to base 10.
-124088
10101000011101001 (base 2) to base 10
86249
What is 15fec (base 16) in base 12?
44178
What is 62711 (base 10) in base 3?
10012000122
Convert 32302011102 (base 4) to base 12.
136a696
Convert -790026 (base 10) to base 3.
-1111010201020
-504495 (base 10) to base 15
-9e730
-212223312123 (base 4) to base 2
-100110101011110110011011
-39a25 (base 12) to base 2
-10011010101111101
156640 (base 7) to base 10
31192
16641403 (base 8) to base 14
73152b
Convert -136ca1 (base 13) to base 4.
-1303103331
-379504 (base 10) to base 5
-44121004
Convert 1d9793b (base 14) to base 11.
8449651
Convert 112110220010 (base 3) to base 9.
473803
Convert -b963f (base 16) to base 10.
-759359
Convert 5364453 (base 7) to base 6.
22010530
What is -10000 (base 6) in base 2?
-10100010000
What is -3110444 (base 5) in base 8?
-143075
-29a953 (base 12) to base 3
-1022201020100
Convert 12cc475 (base 13) to base 16.
5aa03f
What is 12001212221 (base 3) in base 8?
302716
What is -202230001120 (base 4) in base 16?
-8ac058
-451553 (base 9) to base 13
-95c94
Convert 1207931 (base 14) to base 10.
8626199
Convert 93106b (base 14) to base 3.
100022220210021
What is 836829 (base 13) in base 10?
3070596
What is 30763 (base 9) in base 6?
234003
What is -14341518 (base 10) in base 12?
-49775a6
56198 (base 12) to base 3
12210210122
What is 1141003 (base 9) in base 6?
21122350
-4103400032 (base 5) to base 7
-130141654
What is 794b (base 16) in base 10?
31051
Convert -123031203222 (base 4) to base 2.
-11011001101100011101010
What is -503546 (base 8) in base 16?
-28766
What is -4918 (base 13) in base 11?
-7841
What is -110302414 (base 5) in base 8?
-1646424
-755780 (base 10) to base 11
-476913
Convert -10279 (base 16) to base 13.
-2416c
What is -454802 (base 9) in base 14?
-71491
Convert 1764892 (base 10) to base 2.
110101110111000011100
What is -13303314 (base 7) in base 14?
-23d7b4
Convert 661214 (base 8) to base 9.
367264
-114ac35 (base 13) to base 6
-310213300
What is -11064c5 (base 13) in base 14?
-999665
Convert 40ada (base 15) to base 5.
23024310
What is -a27b4 (base 12) in base 6?
-4313144
What is -30692 (base 13) in base 16?
-15320
What is cd9ab (base 14) in base 9?
838826
201849 (base 10) to base 5
22424344
-b6755 (base 13) to base 16
-5039e
Convert 1134442 (base 5) to base 2.
101001011111111
What is 27cc93 (base 15) in base 11?
109995a
349408 (base 10) to base 9
582261
-7309855 (base 10) to base 13
-168c277
Convert 1321301212 (base 4) to base 5.
111430130
What is 60adb (base 14) in base 4?
320303021
What is 3866940 (base 10) in base 9?
7243400
-285a041 (base 11) to base 2
-10010110000101101001010
247241 (base 8) to base 3
11100111210
11101000001111001 (base 2) to base 7
1003443
-4c41 (base 13) to base 8
-25165
What is -453031310 (base 6) in base 14?
-11510a6
What is -131350 (base 8) in base 9?
-68738
What is -182883 (base 11) in base 12?
-117178
What is 680143 (base 10) in base 15?
d67cd
Convert 6bc75 (base 14) to base 2.
1000000001111011111
What is -102133002 (base 4) in base 6?
-1342310
What is -3110178 (base 9) in base 8?
-6252265
Convert -fece98 (base 16) to base 13.
-35c8aac
Convert 500705 (base 11) to base 6.
25135551
Convert 83423a (base 11) to base 5.
320303230
Convert -223112520 (base 6) to base 4.
-33201112200
Convert -316540 (base 9) to base 4.
-232001223
What is 6cba3 (base 13) in base 15?
3e29c
735407 (base 11) to base 6
41131402
Convert 3453256 (base 9) to base 3.
10111210021220
34b25 (base 14) to base 7
1043245
What is 2112001001 (base 3) in base 7?
264415
-101010010010011110001 (base 2) to base 8
-5222361
Convert -115213013 (base 6) to base 14.
-417733
What is -2847418 (base 13) in base 3?
-212222222120211
What is 479db (base 15) in base 11?
146627
What is 1702281 (base 9) in base 8?
3470455
3152315 (base 7) to base 9
642745
What is 33447726 (base 8) in base 15?
97c09d
What is -112230310300 (base 4) in base 15?
-7c82cd
What is -1c8085 (base 13) in base 14?
-150930
What is 1823787 (base 9) in base 14?
1c7900
Convert b277 (base 12) to base 2.
100101110111011
100110001111001001001 (base 2) to base 12
5050b5
-964194 (base 13) to base 4
-31123320201
6365600 (base 7) to base 9
1406878
Convert -213101013 (base 4) to base 12.
-790b3
-102221220 (base 6) to base 14
-348b92
47b13e (base 15) to base 4
31011032210
114322201 (base 6) to base 3
11002101020201
What is 5c6b3 (base 15) in base 10?
295143
What is -111612330 (base 7) in base 14?
-c93b50
Convert 1230421 (base 5) to base 13.
ab26
-130220 (base 4) to base 9
-2455
Convert -1b24333 (base 12) to base 16.
-5812d7
Convert -773b16 (base 12) to base 8.
-7162602
What is 1134120 (base 5) in base 12?
102b4
3232365 (base 9) to base 6
101055052
Convert -101211101210 (base 3) to base 12.
-a3433
What is -3444143040 (base 5) in base 12?
-2743693
-465a9 (base 16) to base 6
-10102041
What is 13637 (base 12) in base 16?
68cb
-22012312300 (base 4) to base 8
-12066660
Convert -121202101 (base 3) to base 15.
-3944
What is -92605 (base 11) in base 4?
-200333322
-1013031120 (base 4) to base 9
-484080
Convert -89a8a (base 12) to base 5.
-21323421
100112101102102 (base 3) to base 11
2950292
What is -2332002212 (base 5) in base 11?
-3020084
What is 1312012122 (base 4) in base 7?
4053213
Convert -161618 (base 9) to base 7.
-563342
What is -716a (base 11) in base 4?
-2110222
What is -46c41 (base 16) in base 4?
-1012301001
Convert 4002402344 (base 5) to base 15.
a52d34
What is 2d4812 (base 16) in base 3?
12120202202000
What is -da7b (base 16) in base 5?
-3242211
Convert 12331212112 (base 4) to base 16.
1bd996
12464462 (base 8) to base 7
32424221
-14050422 (base 6) to base 12
-1a9a12
What is 38463 (base 10) in base 16?
963f
What is -11001200110 (base 3) in base 11?
-55090
15002235 (base 7) to base 12
581586
82b3bc (base 14) to base 7
52326125
What is 76318 (base 10) in base 16?
12a1e
Convert -46773 (base 8) to base 12.
-b677
Convert -19a782 (base 11) to base 15.
-60eb2
What is -32223033 (base 4) in base 12?
-2a953
-22bc09 (base 14) to base 4
-10201110001
What is -123835 (base 13) in base 6?
-13204214
1250947 (base 13) to base 8
25627564
39768 (base 15) to base 2
101100111001110011
-d3956 (base 16) to base 11
-542140
1e1199 (base 16) to base 6
110123025
Convert -16401625 (base 7) to base 5.
-402103241
Convert -116405642 (base 7) to base 3.
-111212002211102
3407748 (base 9) to base 3
10110021211122
C